{"id":62,"date":"2021-02-08T13:20:14","date_gmt":"2021-02-08T13:20:14","guid":{"rendered":"https:\/\/organizacioninteligente.com\/web\/?page_id=62"},"modified":"2021-02-08T13:20:14","modified_gmt":"2021-02-08T13:20:14","slug":"mision-y-vision","status":"publish","type":"page","link":"https:\/\/organizacioninteligente.com\/web\/mision-y-vision\/","title":{"rendered":"Misi\u00f3n y Visi\u00f3n"},"content":{"rendered":"<h1><span style=\"color: #333333;\"><strong>Misi\u00f3n<\/strong><\/span><\/h1>\n<p><!--more--><\/p>\n<p align=\"justify\"><span style=\"color: #333333;\">Constituimos una iniciativa enfocada en apoyar el desarrollo de las capacidades organizacionales en el contexto regional, nacional e internacional, a trav\u00e9s de la prestaci\u00f3n de servicios de asesor\u00eda, consultor\u00eda y capacitaci\u00f3n, orientados al fortalecimiento e integraci\u00f3n de los procesos de gesti\u00f3n, en el marco de la sociedad de la informaci\u00f3n.<\/span><\/p>\n<p><!--more--><\/p>\n<h1><span style=\"color: #333333;\"><strong>Visi\u00f3n<\/strong><\/span><\/h1>\n<p><!--more--><\/p>\n<p align=\"justify\"><span style=\"color: #333333;\">Nos visualizamos como un proyecto en constante evoluci\u00f3n que en el corto plazo alcanzar\u00e1 una posici\u00f3n destacada en el mercado regional, nacional e internacional de desarrollo del talento humano y servicios\u00a0 de apoyo a los procesos organizacionales, con base en un enfoque integrador del conocimiento y de la gesti\u00f3n, apoyado en las tecnolog\u00edas de informaci\u00f3n y comunicaci\u00f3n; y alineado con las tendencias educativas y gerenciales de la era globalizada.<\/span><\/p>\n","protected":false},"excerpt":{"rendered":"<p>Misi\u00f3n<\/p>\n","protected":false},"author":1,"featured_media":0,"parent":0,"menu_order":0,"comment_status":"closed","ping_status":"closed","template":"","meta":{"footnotes":""},"class_list":["post-62","page","type-page","status-publish","hentry"],"_links":{"self":[{"href":"https:\/\/organizacioninteligente.com\/web\/wp-json\/wp\/v2\/pages\/62","targetHints":{"allow":["GET"]}}],"collection":[{"href":"https:\/\/organizacioninteligente.com\/web\/wp-json\/wp\/v2\/pages"}],"about":[{"href":"https:\/\/organizacioninteligente.com\/web\/wp-json\/wp\/v2\/types\/page"}],"author":[{"embeddable":true,"href":"https:\/\/organizacioninteligente.com\/web\/wp-json\/wp\/v2\/users\/1"}],"replies":[{"embeddable":true,"href":"https:\/\/organizacioninteligente.com\/web\/wp-json\/wp\/v2\/comments?post=62"}],"version-history":[{"count":5,"href":"https:\/\/organizacioninteligente.com\/web\/wp-json\/wp\/v2\/pages\/62\/revisions"}],"predecessor-version":[{"id":92,"href":"https:\/\/organizacioninteligente.com\/web\/wp-json\/wp\/v2\/pages\/62\/revisions\/92"}],"wp:attachment":[{"href":"https:\/\/organizacioninteligente.com\/web\/wp-json\/wp\/v2\/media?parent=62"}],"curies":[{"name":"wp","href":"https:\/\/api.w.org\/{rel}","templated":true}]}}